{"id":1132,"date":"2021-01-28T18:47:04","date_gmt":"2021-01-28T18:47:04","guid":{"rendered":"https:\/\/isabeefmasters.com\/store\/?post_type=product&#038;p=1132"},"modified":"2024-12-04T00:03:47","modified_gmt":"2024-12-04T00:03:47","slug":"bienvenidos-a-la-industria-ganadera-del-futuro-book","status":"publish","type":"product","link":"https:\/\/isabeefmasters.com\/store\/product\/bienvenidos-a-la-industria-ganadera-del-futuro-book\/","title":{"rendered":"Bienvenidos a la Industria Ganadera del Futuro"},"content":{"rendered":"","protected":false},"excerpt":{"rendered":"<div>\n<div>by Laurence M. Lasater and Bob Kingsbery<\/div>\n<div><\/div>\n<div><\/div>\n<div>En este librito, escrito en 1987, los autores explican \u201cla nuevo industria\u201d cual comenz\u00f3 el 2 de abril, 1980, cuando la taza de inter\u00e9s en la EUA lleg\u00f3 al 20%.\u00a0 Lasater y Kingsbery predicen \u00a0que las ideas gen\u00e9ticas de Tom Lasater y los de Allan Savory sobre el pastereo ser\u00edan aceptado, universalmente.<u><\/u><u><\/u><\/div>\n<div><\/div>\n<div>El libro tambi\u00e9n predice que \u201cla nueva industria\u201d ser\u00eda enfocado en la confianzo del consumidor, control de costo y comercializaci\u00f3n.<\/div>\n<\/div>\n<div><\/div>\n<div><i>Ebook\u201464 pages\u20146 charts and illustrations<\/i><\/div>\n<div><\/div>\n<div>$5.00<\/div>\n","protected":false},"featured_media":1112,"comment_status":"open","ping_status":"closed","template":"","meta":[],"product_cat":[33,34],"product_tag":[],"yoast_head":"<!-- This site is optimized with the Yoast SEO plugin v17.8 - https:\/\/yoast.com\/wordpress\/plugins\/seo\/ -->\n<title>Bienvenidos a la Industria Ganadera del Futuro - Isa Beefmasters<\/title>\n<meta name=\"robots\" content=\"index, follow, max-snippet:-1, max-image-preview:large, max-video-preview:-1\" \/>\n<link rel=\"canonical\" href=\"https:\/\/isabeefmasters.com\/store\/product\/bienvenidos-a-la-industria-ganadera-del-futuro-book\/\" \/>\n<meta property=\"og:locale\" content=\"en_US\" \/>\n<meta property=\"og:type\" content=\"article\" \/>\n<meta property=\"og:title\" content=\"Bienvenidos a la Industria Ganadera del Futuro - Isa Beefmasters\" \/>\n<meta property=\"og:description\" content=\"by Laurence M. Lasater and Bob Kingsbery   En este librito, escrito en 1987, los autores explican \u201cla nuevo industria\u201d cual comenz\u00f3 el 2 de abril, 1980, cuando la taza de inter\u00e9s en la EUA lleg\u00f3 al 20%.\u00a0 Lasater y Kingsbery predicen \u00a0que las ideas gen\u00e9ticas de Tom Lasater y los de Allan Savory sobre el pastereo ser\u00edan aceptado, universalmente.  El libro tambi\u00e9n predice que \u201cla nueva industria\u201d ser\u00eda enfocado en la confianzo del consumidor, control de costo y comercializaci\u00f3n.   Ebook\u201464 pages\u20146 charts and illustrations  $5.00\" \/>\n<meta property=\"og:url\" content=\"https:\/\/isabeefmasters.com\/store\/product\/bienvenidos-a-la-industria-ganadera-del-futuro-book\/\" \/>\n<meta property=\"og:site_name\" content=\"Isa Beefmasters\" \/>\n<meta property=\"article:modified_time\" content=\"2024-12-04T00:03:47+00:00\" \/>\n<meta property=\"og:image\" content=\"https:\/\/isabeefmasters.com\/store\/wp-content\/uploads\/2021\/01\/Bienvenidos.jpeg\" \/>\n\t<meta property=\"og:image:width\" content=\"800\" \/>\n\t<meta property=\"og:image:height\" content=\"1200\" \/>\n<meta name=\"twitter:card\" content=\"summary_large_image\" \/>\n<script type=\"application\/ld+json\" class=\"yoast-schema-graph\">{\"@context\":\"https:\/\/schema.org\",\"@graph\":[{\"@type\":\"WebSite\",\"@id\":\"https:\/\/isabeefmasters.com\/store\/#website\",\"url\":\"https:\/\/isabeefmasters.com\/store\/\",\"name\":\"Isa Beefmasters\",\"description\":\"Promoting Beefmasters worldwide since 1964\",\"potentialAction\":[{\"@type\":\"SearchAction\",\"target\":{\"@type\":\"EntryPoint\",\"urlTemplate\":\"https:\/\/isabeefmasters.com\/store\/?s={search_term_string}\"},\"query-input\":\"required name=search_term_string\"}],\"inLanguage\":\"en-US\"},{\"@type\":\"ImageObject\",\"@id\":\"https:\/\/isabeefmasters.com\/store\/product\/bienvenidos-a-la-industria-ganadera-del-futuro-book\/#primaryimage\",\"inLanguage\":\"en-US\",\"url\":\"https:\/\/isabeefmasters.com\/store\/wp-content\/uploads\/2021\/01\/Bienvenidos.jpeg\",\"contentUrl\":\"https:\/\/isabeefmasters.com\/store\/wp-content\/uploads\/2021\/01\/Bienvenidos.jpeg\",\"width\":800,\"height\":1200},{\"@type\":\"WebPage\",\"@id\":\"https:\/\/isabeefmasters.com\/store\/product\/bienvenidos-a-la-industria-ganadera-del-futuro-book\/#webpage\",\"url\":\"https:\/\/isabeefmasters.com\/store\/product\/bienvenidos-a-la-industria-ganadera-del-futuro-book\/\",\"name\":\"Bienvenidos a la Industria Ganadera del Futuro - Isa Beefmasters\",\"isPartOf\":{\"@id\":\"https:\/\/isabeefmasters.com\/store\/#website\"},\"primaryImageOfPage\":{\"@id\":\"https:\/\/isabeefmasters.com\/store\/product\/bienvenidos-a-la-industria-ganadera-del-futuro-book\/#primaryimage\"},\"datePublished\":\"2021-01-28T18:47:04+00:00\",\"dateModified\":\"2024-12-04T00:03:47+00:00\",\"breadcrumb\":{\"@id\":\"https:\/\/isabeefmasters.com\/store\/product\/bienvenidos-a-la-industria-ganadera-del-futuro-book\/#breadcrumb\"},\"inLanguage\":\"en-US\",\"potentialAction\":[{\"@type\":\"ReadAction\",\"target\":[\"https:\/\/isabeefmasters.com\/store\/product\/bienvenidos-a-la-industria-ganadera-del-futuro-book\/\"]}]},{\"@type\":\"BreadcrumbList\",\"@id\":\"https:\/\/isabeefmasters.com\/store\/product\/bienvenidos-a-la-industria-ganadera-del-futuro-book\/#breadcrumb\",\"itemListElement\":[{\"@type\":\"ListItem\",\"position\":1,\"name\":\"Home\",\"item\":\"https:\/\/isabeefmasters.com\/store\/home\/\"},{\"@type\":\"ListItem\",\"position\":2,\"name\":\"Shop\",\"item\":\"https:\/\/isabeefmasters.com\/store\/shop\/\"},{\"@type\":\"ListItem\",\"position\":3,\"name\":\"Bienvenidos a la Industria Ganadera del Futuro\"}]}]}<\/script>\n<!-- \/ Yoast SEO plugin. -->","yoast_head_json":{"title":"Bienvenidos a la Industria Ganadera del Futuro - Isa Beefmasters","robots":{"index":"index","follow":"follow","max-snippet":"max-snippet:-1","max-image-preview":"max-image-preview:large","max-video-preview":"max-video-preview:-1"},"canonical":"https:\/\/isabeefmasters.com\/store\/product\/bienvenidos-a-la-industria-ganadera-del-futuro-book\/","og_locale":"en_US","og_type":"article","og_title":"Bienvenidos a la Industria Ganadera del Futuro - Isa Beefmasters","og_description":"by Laurence M. Lasater and Bob Kingsbery   En este librito, escrito en 1987, los autores explican \u201cla nuevo industria\u201d cual comenz\u00f3 el 2 de abril, 1980, cuando la taza de inter\u00e9s en la EUA lleg\u00f3 al 20%.\u00a0 Lasater y Kingsbery predicen \u00a0que las ideas gen\u00e9ticas de Tom Lasater y los de Allan Savory sobre el pastereo ser\u00edan aceptado, universalmente.  El libro tambi\u00e9n predice que \u201cla nueva industria\u201d ser\u00eda enfocado en la confianzo del consumidor, control de costo y comercializaci\u00f3n.   Ebook\u201464 pages\u20146 charts and illustrations  $5.00","og_url":"https:\/\/isabeefmasters.com\/store\/product\/bienvenidos-a-la-industria-ganadera-del-futuro-book\/","og_site_name":"Isa Beefmasters","article_modified_time":"2024-12-04T00:03:47+00:00","og_image":[{"width":800,"height":1200,"url":"https:\/\/isabeefmasters.com\/store\/wp-content\/uploads\/2021\/01\/Bienvenidos.jpeg","type":"image\/jpeg"}],"twitter_card":"summary_large_image","schema":{"@context":"https:\/\/schema.org","@graph":[{"@type":"WebSite","@id":"https:\/\/isabeefmasters.com\/store\/#website","url":"https:\/\/isabeefmasters.com\/store\/","name":"Isa Beefmasters","description":"Promoting Beefmasters worldwide since 1964","potentialAction":[{"@type":"SearchAction","target":{"@type":"EntryPoint","urlTemplate":"https:\/\/isabeefmasters.com\/store\/?s={search_term_string}"},"query-input":"required name=search_term_string"}],"inLanguage":"en-US"},{"@type":"ImageObject","@id":"https:\/\/isabeefmasters.com\/store\/product\/bienvenidos-a-la-industria-ganadera-del-futuro-book\/#primaryimage","inLanguage":"en-US","url":"https:\/\/isabeefmasters.com\/store\/wp-content\/uploads\/2021\/01\/Bienvenidos.jpeg","contentUrl":"https:\/\/isabeefmasters.com\/store\/wp-content\/uploads\/2021\/01\/Bienvenidos.jpeg","width":800,"height":1200},{"@type":"WebPage","@id":"https:\/\/isabeefmasters.com\/store\/product\/bienvenidos-a-la-industria-ganadera-del-futuro-book\/#webpage","url":"https:\/\/isabeefmasters.com\/store\/product\/bienvenidos-a-la-industria-ganadera-del-futuro-book\/","name":"Bienvenidos a la Industria Ganadera del Futuro - Isa Beefmasters","isPartOf":{"@id":"https:\/\/isabeefmasters.com\/store\/#website"},"primaryImageOfPage":{"@id":"https:\/\/isabeefmasters.com\/store\/product\/bienvenidos-a-la-industria-ganadera-del-futuro-book\/#primaryimage"},"datePublished":"2021-01-28T18:47:04+00:00","dateModified":"2024-12-04T00:03:47+00:00","breadcrumb":{"@id":"https:\/\/isabeefmasters.com\/store\/product\/bienvenidos-a-la-industria-ganadera-del-futuro-book\/#breadcrumb"},"inLanguage":"en-US","potentialAction":[{"@type":"ReadAction","target":["https:\/\/isabeefmasters.com\/store\/product\/bienvenidos-a-la-industria-ganadera-del-futuro-book\/"]}]},{"@type":"BreadcrumbList","@id":"https:\/\/isabeefmasters.com\/store\/product\/bienvenidos-a-la-industria-ganadera-del-futuro-book\/#breadcrumb","itemListElement":[{"@type":"ListItem","position":1,"name":"Home","item":"https:\/\/isabeefmasters.com\/store\/home\/"},{"@type":"ListItem","position":2,"name":"Shop","item":"https:\/\/isabeefmasters.com\/store\/shop\/"},{"@type":"ListItem","position":3,"name":"Bienvenidos a la Industria Ganadera del Futuro"}]}]}},"_links":{"self":[{"href":"https:\/\/isabeefmasters.com\/store\/wp-json\/wp\/v2\/product\/1132"}],"collection":[{"href":"https:\/\/isabeefmasters.com\/store\/wp-json\/wp\/v2\/product"}],"about":[{"href":"https:\/\/isabeefmasters.com\/store\/wp-json\/wp\/v2\/types\/product"}],"replies":[{"embeddable":true,"href":"https:\/\/isabeefmasters.com\/store\/wp-json\/wp\/v2\/comments?post=1132"}],"wp:featuredmedia":[{"embeddable":true,"href":"https:\/\/isabeefmasters.com\/store\/wp-json\/wp\/v2\/media\/1112"}],"wp:attachment":[{"href":"https:\/\/isabeefmasters.com\/store\/wp-json\/wp\/v2\/media?parent=1132"}],"wp:term":[{"taxonomy":"product_cat","embeddable":true,"href":"https:\/\/isabeefmasters.com\/store\/wp-json\/wp\/v2\/product_cat?post=1132"},{"taxonomy":"product_tag","embeddable":true,"href":"https:\/\/isabeefmasters.com\/store\/wp-json\/wp\/v2\/product_tag?post=1132"}],"curies":[{"name":"wp","href":"https:\/\/api.w.org\/{rel}","templated":true}]}}